 o(r)?
3
Let z(x) = 711*x + 307. What is the tens digit of z(6)?
7
Let n(a) = 24*a + 335. Let l be n(-14). Let x = -28 + 13. What is the tens digit of (x + (0 - l))*-6?
8
Let g be 11 + -14 - 508/(-1). Suppose g = v + 5*l, -8*v + 4*l = -11*v + 1493. What is the hundreds digit of v?
4
Suppose 0*d = 3*k + 4*d - 112, -3*d - 69 = -2*k. Suppose 0 = -3*i - 24 + k. Suppose -2*n = i*n - 1020. What is the tens digit of n?
7
Let c(z) = 2*z**3 - 31*z**2 - 17*z + 18. Let j be c(16). Suppose -5*k + 9*k = -j*h + 1608, 5*k - 2010 = 5*h. What is the hundreds digit of k?
4
Let m(p) = -19*p**3 - 9*p**2 + p - 24. Let j be m(-8). Suppose -7*g - j = -22*g. What is the units digit of g?
8
Suppose -18*b = -34*b + 29824. Suppose -b = -4*u + 4*w, -2*w - 462 = u - 2*u. What is the tens digit of u?
7
Suppose i - 108 - 35 = 0. Let f = i + -86. Let s = f - 38. What is the units digit of s?
9
Suppose -509 = -2*s - 5*w, -s + 14*w = 10*w - 261. Suppose s = j + 57. What is the tens digit of j?
0
Let n be (-8)/(192/18)*(-244)/(-1). Let q = -114 - n. What is the units digit of q?
9
Let s be -10*12/80*(-3 + -1). Let y(m) = -1 + 8*m + 1 - 2 - s. What is the units digit of y(10)?
2
What is the units digit of ((-1376)/430)/(2/(-3380))?
8
Suppose -3*c = -3*f + 14610, -5*c + 14594 = 5*f - 2*f. What is the units digit of f?
8
Let w(v) = 254*v**2 - 190*v + 153. What is the units digit of w(-12)?
9
Suppose 2940 = -19*w - 11*w. What is the units digit of -2 - w - (-3 + 9)?
0
Suppose 68*t = 72*t - 2660. Suppose -y - 5*p + t = 0, y + 4*y + 3*p = 3413. What is the tens digit of y?
8
Let b(v) = 12*v + 73. Let r be b(-5). Suppose 26*p - r*p = 312. What is the tens digit of p?
2
Suppose 2*z + 31*z = 8*z + 330625. What is the ten thousands digit of z?
1
Let p(h) = 2712*h**2 + 434*h + 1298. What is the hundreds digit of p(-3)?
4
Let z(y) = -y**2 + 2*y + 711. Let g(p) = p**2 - 2*p - 710. Let r(m) = -4*g(m) - 3*z(m). What is the units digit of r(0)?
7
Let c = 663 + -464. What is the tens digit of c?
9
Suppose -4*j - 6 = -42. Let b(g) = 0 - j - 2 + 2*g. What is the units digit of b(9)?
7
Let b(j) = j**3 - 5*j**2 - 2*j + 12. Let t be b(5). Let x(f) = -58*f - 109*f - 49*f + t. What is the units digit of x(-1)?
8
Let f(t) = 415*t**2 + 28*t + 238. What is the thousands digit of f(-7)?
0
Let u be (26 + -92)/((-1)/34). Suppose 0 = 11*i - 5830 - u. What is the tens digit of i?
3
Let g = 23 - 4. Let x = 57 + g. Suppose -x = -z - 3*z. What is the units digit of z?
9
Suppose 2*p = -g - 1 - 13, -5*g = -3*p + 5. Let m(j) = 2*j + 14. Let q be m(g). Suppose s = -2 + q. What is the units digit of s?
4
Let q(i) = -2. Let y(u) = -114*u**2 - 2*u + 11. Let j(p) = -4*q(p) - y(p). What is the hundreds digit of j(2)?
4
Suppose 1405 = -5*w - 5*s, 0 = 6*w - 5*w + 4*s + 278. Let z = w - -347. What is the tens digit of z?
6
Let r = -9377 + 14154. What is the units digit of r?
7
What is the hundreds digit of 93 - 106 - (-4 - (31569 - -1))?
5
Let b(z) = -205*z - 29. Suppose -13*h - 29 = 10. What is the units digit of b(h)?
6
Let d(a) = 227*a**2 + 72*a - 380. What is the ten thousands digit of d(8)?
1
What is the hundreds digit of (52767/(-82) + -7 + 1)*-10?
4
Let f be (45/(-30))/((-3)/656). Suppose 0 = 18*i - 20*i + f. Suppose -p - i = -2*p. What is the hundreds digit of p?
1
Let x = 248 - 206. Suppose 0 = 2*q + 3*n - 571 - x, 0 = 5*n + 25. What is the units digit of q?
4
Suppose 5*f - 19 = -4. Suppose f*n - 12*n = -27. Suppose o + n - 54 = 0. What is the tens digit of o?
5
Suppose a + 4*a = -3*p - 4708, 3*p = a + 956. Let l = -497 - a. Suppose l = 3*g - 2*v, 3*g = -g - 5*v + 573. What is the hundreds digit of g?
1
Let j(o) = 2*o**2 + 3*o - 4. Let h be j(-4). Suppose -4*w - 58*w = -2604. What is the units digit of -11 + h - -5*w?
5
Suppose -3*m + 34221 = 3*p, -4*p - 36*m + 31*m = -45629. What is the thousands digit of p?
1
Let d(t) = t**3 + t**2 - 2*t - 1. Let z be d(0). Let x be (z/(-2))/(4 - (-46)/(-12)). Suppose -215 = -x*u + 4*o + 86, 2 = o. What is the hundreds digit of u?
1
Suppose -4*d + 261*q = 262*q - 153822, d = -3*q + 38439. What is the hundreds digit of d?
4
Let a = 151035 - 90837. What is the ten thousands digit of a?
6
Suppose -2*p + 302 = 1594. What is the hundreds digit of (15/30)/((-1)/p)?
3
Let m = -3 - -2. Let a(v) = -19*v**3 + v**2 - 125 + 44 + v + 42 + 40. What is the units digit of a(m)?
0
Let h(z) = 41*z - 118. Let l(b) = -80*b + 120. Let f(g) = g - 1. Let c(k) = -60*f(k) - l(k). Let y(m) = -5*c(m) + 3*h(m). What is the units digit of y(14)?
8
Let i be (1/3)/(17/51). Let l(s) = -8 - i - 2 + 43*s. What is the units digit of l(4)?
1
What is the hundreds digit of 1/5 + 350531/95?
6
Let j(w) be the third derivative of w**4/8 - 17*w**3/3 + 16*w**2. Let s(k) = k. Let y(h) = -j(h) - 4*s(h). What is the units digit of y(-7)?
3
Suppose 200 = 5*x + 680. What is the units digit of (-1 - 2 - 1)/(x/7344)?
6
Let x(d) = 21*d**2 + 2*d + 3. Let g(m) = m**2 + 26*m - 1. Let q be g(-26). Let b be x(q). Suppose 6*i - b*i + 1808 = 0. What is the hundreds digit of i?
1
Let o(z) = 10*z**2 + 140*z + 2. Let u be o(-14). Suppose 4*r + 4*a - 8116 = 0, 4*r - a - 10139 = -r. Suppose 11*w + u*w = r. What is the tens digit of w?
5
Suppose -n - 24 = -4. Let g = 2 + n. What is the units digit of (-150)/g + 4/(-3)?
7
Suppose 1 + 14 = 5*z. Suppose 10*w - 28 = z*w. What is the units digit of w + (2 - 6) - -18?
8
Let w(g) = -4*g + 16. Let q(m) = 15*m - 64. Let r(k) = 2*q(k) + 9*w(k). Suppose 3*u + 20 = -2*z, 71*u - 20 = 73*u + 3*z. What is the units digit of r(u)?
0
Let b(a) = 75*a + 2. Let p be b(1). Suppose -5*h = p - 257. Suppose 0 = -4*o + h + 24. What is the tens digit of o?
1
Suppose -49*y + 28 = -47*y. What is the hundreds digit of (7/y)/((-2)/(-2324))?
5
Suppose 3*h - 73612 = 661*q - 666*q, -3*h - q + 73640 = 0. What is the units digit of h?
9
Let d be 58/29 + -1 + -1. Suppose 3*o - 435 = -z, 0 = -d*o - 2*o + z + 295. Let t = -46 + o. What is the tens digit of t?
0
What is the tens digit of 448960/(-96)*(69/(-15) + 1)?
3
Let n(c) = 89*c**3 - 88*c**3 + 47 + 228. Let q be n(0). Let v = -193 + q. What is the tens digit of v?
8
Let q = -18587 + 31331. What is the tens digit of q?
4
Let u = 632 - 630. Suppose 2*x = -n + 1058, -u*n - 28*x = -26*x - 2120. What is the units digit of n?
2
Suppose 2205 = 472*z - 471*z. What is the hundreds digit of z?
2
Let v(k) = 113*k - 20. Let s be v(-4). Let h be -3 + 1 - -3*s/(-12). Suppose -2*o + 2 = 0, -4*a + o = h - 711. What is the hundreds digit of a?
1
Suppose -34368 - 91184 = -4*a - 2*m, -m = -2. What is the ten thousands digit of a?
3
What is the thousands digit of 964/(-18798) - (-1039313)/39?
6
Let h = -89 + 91. Suppose h*o + 4*c = 118, 3*o = 3*c - 0*c + 141. Suppose r - 24 = o. What is the units digit of r?
5
Suppose -11 = -10*d + 39. Suppose -3*c + 1052 = 5*z, -d*c - 2*z + 648 = -1118. What is the units digit of c?
4
Suppose 0 = -2*s - 4*s + 162. Suppose 11*r + 8928 = s*r. What is the hundreds digit of r?
5
Let i be ((-24)/14)/(62/(-651)). What is the hundreds digit of ((-6780)/90)/((-4)/i)?
3
Let y(h) = h**3 + 14*h**2 - h + 24. Suppose -95 = 10*q + 15. What is the tens digit of y(q)?
9
Let k = -128 + -311. Let c = k + 1292. What is the tens digit of c?
5
What is the tens digit of 126/(-30)*(-256560)/72?
6
Let t(q) = -q**3 + 54*q**2 + 72*q + 188. What is the units digit of t(55)?
3
Let x(r) = 495*r - 3133. What is the units digit of x(22)?
7
Suppose 15 - 9 = 3*y. Suppose 7*x - 4*u + 159 = 2*x, y*x = -5*u - 57. Let j = -9 - x. What is the units digit of j?
2
Let x(v) = 41*v**3 + 8*v**2 - 29*v - 109. What is the units digit of x(8)?
3
Suppose -6*l = 4*i - 2*l - 20, 0 = -4*i - 5*l + 23. Suppose 2*m = -t + 17, i*t + 1 + 7 = 2*m. Suppose -6*w - 11 = -m*w. What is the units digit of w?
1
Let t = -51 - -53. Suppose -16 = t*k - 3*s - 299, 0 = 5*k + s - 699. What is the tens digit of k?
4
What is the hundreds digit of (5379/9 + 6/45)*55/11?
9
What is the ten thousands digit of -21 + 11173 - 65/5?
1
Suppose -u = -3*c - 8, -2*u + 2 + 4 = -c. Suppose -266 = -u*h + 660. What is the units digit of h?
3
Suppose 7*n - 43091 = 28323. What is the tens digit of n?
0
Suppose -6 = -z - 7, -2*t - 5*z = 341. What is the tens digit of 6/((t/(-3520))/7)?
8
Let l(g) = -3*g**2 + 3*g - 70. Let z be l(-10). Let t = z